{"id":1200,"date":"2021-05-31T20:49:16","date_gmt":"2021-05-31T20:49:16","guid":{"rendered":"http:\/\/localhost\/wordpress\/?page_id=1200"},"modified":"2023-08-25T12:14:30","modified_gmt":"2023-08-25T16:14:30","slug":"lrut","status":"publish","type":"page","link":"https:\/\/pyc.cl\/?page_id=1200","title":{"rendered":"LRUT"},"content":{"rendered":"\t\t<div data-elementor-type=\"wp-page\" data-elementor-id=\"1200\" class=\"elementor elementor-1200\" data-elementor-settings=\"[]\">\n\t\t\t\t\t\t<div class=\"elementor-inner\">\n\t\t\t\t\t\t\t<div class=\"elementor-section-wrap\">\n\t\t\t\t\t\t\t<section class=\"elementor-section elementor-top-section elementor-element elementor-element-280d231 elementor-section-height-min-height elementor-section-stretched elementor-section-boxed elementor-section-height-default elementor-section-items-middle elementor-invisible\" data-id=\"280d231\" data-element_type=\"section\" data-settings=\"{&quot;stretch_section&quot;:&quot;section-stretched&quot;,&quot;background_background&quot;:&quot;classic&quot;,&quot;animation&quot;:&quot;fadeInDown&quot;}\">\n\t\t\t\t\t\t\t<div class=\"elementor-background-overlay\"><\/div>\n\t\t\t\t\t\t\t<div class=\"elementor-container elementor-column-gap-default\">\n\t\t\t\t\t\t\t<div class=\"elementor-row\">\n\t\t\t\t\t<div class=\"elementor-column elementor-col-100 elementor-top-column elementor-element elementor-element-8c3a1ea\" data-id=\"8c3a1ea\" data-element_type=\"column\" data-settings=\"{&quot;background_background&quot;:&quot;classic&quot;}\">\n\t\t\t<div class=\"elementor-column-wrap elementor-element-populated\">\n\t\t\t\t\t<div class=\"elementor-background-overlay\"><\/div>\n\t\t\t\t\t\t\t<div class=\"elementor-widget-wrap\">\n\t\t\t\t\t\t\t\t<\/div>\n\t\t\t\t\t<\/div>\n\t\t<\/div>\n\t\t\t\t\t\t\t\t<\/div>\n\t\t\t\t\t<\/div>\n\t\t<\/section>\n\t\t\t\t<section class=\"elementor-section elementor-top-section elementor-element elementor-element-7c60b58 elementor-section-full_width elementor-section-content-middle elementor-section-stretched elementor-section-height-default elementor-section-height-default\" data-id=\"7c60b58\" data-element_type=\"section\" data-settings=\"{&quot;stretch_section&quot;:&quot;section-stretched&quot;}\">\n\t\t\t\t\t\t<div class=\"elementor-container elementor-column-gap-default\">\n\t\t\t\t\t\t\t<div class=\"elementor-row\">\n\t\t\t\t\t<div class=\"elementor-column elementor-col-33 elementor-top-column elementor-element elementor-element-8b26b31\" data-id=\"8b26b31\" data-element_type=\"column\">\n\t\t\t<div class=\"elementor-column-wrap\">\n\t\t\t\t\t\t\t<div class=\"elementor-widget-wrap\">\n\t\t\t\t\t\t\t\t<\/div>\n\t\t\t\t\t<\/div>\n\t\t<\/div>\n\t\t\t\t<div class=\"elementor-column elementor-col-33 elementor-top-column elementor-element elementor-element-a6de63e\" data-id=\"a6de63e\" data-element_type=\"column\">\n\t\t\t<div class=\"elementor-column-wrap elementor-element-populated\">\n\t\t\t\t\t\t\t<div class=\"elementor-widget-wrap\">\n\t\t\t\t\t\t<div class=\"elementor-element elementor-element-509799d elementor-widget__width-initial elementor-widget elementor-widget-heading\" data-id=\"509799d\" data-element_type=\"widget\" data-widget_type=\"heading.default\">\n\t\t\t\t<div class=\"elementor-widget-container\">\n\t\t\t<h2 class=\"elementor-heading-title elementor-size-default\">Equipamiento de inspecci\u00f3n para corrosi\u00f3n en tuber\u00edas con onda guiada de largo alcance - LRUT<\/h2>\t\t<\/div>\n\t\t\t\t<\/div>\n\t\t\t\t<div class=\"elementor-element elementor-element-590d62a elementor-widget elementor-widget-spacer\" data-id=\"590d62a\" data-element_type=\"widget\" data-widget_type=\"spacer.default\">\n\t\t\t\t<div class=\"elementor-widget-container\">\n\t\t\t\t\t<div class=\"elementor-spacer\">\n\t\t\t<div class=\"elementor-spacer-inner\"><\/div>\n\t\t<\/div>\n\t\t\t\t<\/div>\n\t\t\t\t<\/div>\n\t\t\t\t<div class=\"elementor-element elementor-element-ad4e048 elementor-widget__width-initial elementor-widget elementor-widget-text-editor\" data-id=\"ad4e048\" data-element_type=\"widget\" data-widget_type=\"text-editor.default\">\n\t\t\t\t<div class=\"elementor-widget-container\">\n\t\t\t\t\t<div class=\"elementor-text-editor elementor-clearfix\"><p>PyC Tecnolog\u00eda dispone de equipamiento ultras\u00f3nico de onda guiada de largo alcance con aplicaci\u00f3n en todo el pa\u00eds desde hace 11 a\u00f1os, para di\u00e1metros de l\u00edneas de grandes dimensiones hasta di\u00e1metros de 48 pulgadas con personal altamente calificado con Certificaci\u00f3n Internacional y amplia experiencia en terreno.<\/p><\/div>\n\t\t\t\t<\/div>\n\t\t\t\t<\/div>\n\t\t\t\t\t\t<\/div>\n\t\t\t\t\t<\/div>\n\t\t<\/div>\n\t\t\t\t<div class=\"elementor-column elementor-col-33 elementor-top-column elementor-element elementor-element-579d6bb\" data-id=\"579d6bb\" data-element_type=\"column\">\n\t\t\t<div class=\"elementor-column-wrap elementor-element-populated\">\n\t\t\t\t\t\t\t<div class=\"elementor-widget-wrap\">\n\t\t\t\t\t\t<div class=\"elementor-element elementor-element-9df3f55 elementor-widget elementor-widget-image\" data-id=\"9df3f55\" data-element_type=\"widget\" data-widget_type=\"image.default\">\n\t\t\t\t<div class=\"elementor-widget-container\">\n\t\t\t\t\t<div class=\"elementor-image\">\n\t\t\t\t\t\t\t\t\t\t<img loading=\"lazy\" decoding=\"async\" width=\"812\" height=\"609\" src=\"https:\/\/pyc.cl\/wp-content\/uploads\/2021\/10\/IMG_20211020_123126-1024x768.jpg\" class=\"attachment-large size-large\" alt=\"\" srcset=\"https:\/\/pyc.cl\/wp-content\/uploads\/2021\/10\/IMG_20211020_123126-1024x768.jpg 1024w, https:\/\/pyc.cl\/wp-content\/uploads\/2021\/10\/IMG_20211020_123126-300x225.jpg 300w, https:\/\/pyc.cl\/wp-content\/uploads\/2021\/10\/IMG_20211020_123126-768x576.jpg 768w, https:\/\/pyc.cl\/wp-content\/uploads\/2021\/10\/IMG_20211020_123126-1536x1152.jpg 1536w, https:\/\/pyc.cl\/wp-content\/uploads\/2021\/10\/IMG_20211020_123126-2048x1536.jpg 2048w\" sizes=\"auto, (max-width: 812px) 100vw, 812px\" \/>\t\t\t\t\t\t\t\t\t\t\t<\/div>\n\t\t\t\t<\/div>\n\t\t\t\t<\/div>\n\t\t\t\t\t\t<\/div>\n\t\t\t\t\t<\/div>\n\t\t<\/div>\n\t\t\t\t\t\t\t\t<\/div>\n\t\t\t\t\t<\/div>\n\t\t<\/section>\n\t\t\t\t<section class=\"elementor-section elementor-top-section elementor-element elementor-element-4dbfdb2 elementor-section-full_width elementor-section-content-middle elementor-section-stretched elementor-section-height-default elementor-section-height-default\" data-id=\"4dbfdb2\" data-element_type=\"section\" data-settings=\"{&quot;stretch_section&quot;:&quot;section-stretched&quot;}\">\n\t\t\t\t\t\t<div class=\"elementor-container elementor-column-gap-default\">\n\t\t\t\t\t\t\t<div class=\"elementor-row\">\n\t\t\t\t\t<div class=\"elementor-column elementor-col-33 elementor-top-column elementor-element elementor-element-71408d3\" data-id=\"71408d3\" data-element_type=\"column\">\n\t\t\t<div class=\"elementor-column-wrap\">\n\t\t\t\t\t\t\t<div class=\"elementor-widget-wrap\">\n\t\t\t\t\t\t\t\t<\/div>\n\t\t\t\t\t<\/div>\n\t\t<\/div>\n\t\t\t\t<div class=\"elementor-column elementor-col-33 elementor-top-column elementor-element elementor-element-3afb994\" data-id=\"3afb994\" data-element_type=\"column\">\n\t\t\t<div class=\"elementor-column-wrap elementor-element-populated\">\n\t\t\t\t\t\t\t<div class=\"elementor-widget-wrap\">\n\t\t\t\t\t\t<div class=\"elementor-element elementor-element-1e6fb0e elementor-widget elementor-widget-image\" data-id=\"1e6fb0e\" data-element_type=\"widget\" data-widget_type=\"image.default\">\n\t\t\t\t<div class=\"elementor-widget-container\">\n\t\t\t\t\t<div class=\"elementor-image\">\n\t\t\t\t\t\t\t\t\t\t<img loading=\"lazy\" decoding=\"async\" width=\"700\" height=\"489\" src=\"https:\/\/pyc.cl\/wp-content\/uploads\/2021\/12\/Teletest-Focus_700x489-01-01.png\" class=\"attachment-large size-large\" alt=\"\" srcset=\"https:\/\/pyc.cl\/wp-content\/uploads\/2021\/12\/Teletest-Focus_700x489-01-01.png 700w, https:\/\/pyc.cl\/wp-content\/uploads\/2021\/12\/Teletest-Focus_700x489-01-01-300x210.png 300w\" sizes=\"auto, (max-width: 700px) 100vw, 700px\" \/>\t\t\t\t\t\t\t\t\t\t\t<\/div>\n\t\t\t\t<\/div>\n\t\t\t\t<\/div>\n\t\t\t\t\t\t<\/div>\n\t\t\t\t\t<\/div>\n\t\t<\/div>\n\t\t\t\t<div class=\"elementor-column elementor-col-33 elementor-top-column elementor-element elementor-element-cace8b8\" data-id=\"cace8b8\" data-element_type=\"column\">\n\t\t\t<div class=\"elementor-column-wrap elementor-element-populated\">\n\t\t\t\t\t\t\t<div class=\"elementor-widget-wrap\">\n\t\t\t\t\t\t<div class=\"elementor-element elementor-element-bac3bc2 elementor-widget__width-initial elementor-widget elementor-widget-heading\" data-id=\"bac3bc2\" data-element_type=\"widget\" data-widget_type=\"heading.default\">\n\t\t\t\t<div class=\"elementor-widget-container\">\n\t\t\t<h2 class=\"elementor-heading-title elementor-size-default\">T\u00e9cnica Ondas Guiadas\n<\/h2>\t\t<\/div>\n\t\t\t\t<\/div>\n\t\t\t\t<div class=\"elementor-element elementor-element-b76a793 elementor-widget elementor-widget-spacer\" data-id=\"b76a793\" data-element_type=\"widget\" data-widget_type=\"spacer.default\">\n\t\t\t\t<div class=\"elementor-widget-container\">\n\t\t\t\t\t<div class=\"elementor-spacer\">\n\t\t\t<div class=\"elementor-spacer-inner\"><\/div>\n\t\t<\/div>\n\t\t\t\t<\/div>\n\t\t\t\t<\/div>\n\t\t\t\t<div class=\"elementor-element elementor-element-550fda7 elementor-widget__width-initial elementor-widget elementor-widget-text-editor\" data-id=\"550fda7\" data-element_type=\"widget\" data-widget_type=\"text-editor.default\">\n\t\t\t\t<div class=\"elementor-widget-container\">\n\t\t\t\t\t<div class=\"elementor-text-editor elementor-clearfix\"><p>Disponemos de equipos ultras\u00f3nicos de tecnolog\u00eda de punta:<\/p><ul><li>LRUT \u2013 Long Range Ultrasonic Testing. Una avanzada tecnolog\u00eda para detecci\u00f3n y analizar corrosi\u00f3n interna \u2013 erosi\u00f3n \u2013 corrosi\u00f3n baja<br \/>aislaci\u00f3n y desgaste en zonas de dif\u00edcil acceso.<\/li><\/ul><p>Adem\u00e1s de nuestro compromiso con la calidad de nuestros servicios, estamos comprometidos con realizar nuestros trabajos de forma segura, manteniendo una tasa de siniestralidad de un 0% desde la creaci\u00f3n de PyC Tecnolog\u00eda.<\/p><\/div>\n\t\t\t\t<\/div>\n\t\t\t\t<\/div>\n\t\t\t\t\t\t<\/div>\n\t\t\t\t\t<\/div>\n\t\t<\/div>\n\t\t\t\t\t\t\t\t<\/div>\n\t\t\t\t\t<\/div>\n\t\t<\/section>\n\t\t\t\t<section class=\"elementor-section elementor-top-section elementor-element elementor-element-4be537fb elementor-section-full_width elementor-section-content-middle elementor-section-stretched elementor-section-height-default elementor-section-height-default\" data-id=\"4be537fb\" data-element_type=\"section\" data-settings=\"{&quot;stretch_section&quot;:&quot;section-stretched&quot;}\">\n\t\t\t\t\t\t<div class=\"elementor-container elementor-column-gap-default\">\n\t\t\t\t\t\t\t<div class=\"elementor-row\">\n\t\t\t\t\t<div class=\"elementor-column elementor-col-33 elementor-top-column elementor-element elementor-element-5c3a18bc\" data-id=\"5c3a18bc\" data-element_type=\"column\">\n\t\t\t<div class=\"elementor-column-wrap\">\n\t\t\t\t\t\t\t<div class=\"elementor-widget-wrap\">\n\t\t\t\t\t\t\t\t<\/div>\n\t\t\t\t\t<\/div>\n\t\t<\/div>\n\t\t\t\t<div class=\"elementor-column elementor-col-33 elementor-top-column elementor-element elementor-element-71377363\" data-id=\"71377363\" data-element_type=\"column\">\n\t\t\t<div class=\"elementor-column-wrap elementor-element-populated\">\n\t\t\t\t\t\t\t<div class=\"elementor-widget-wrap\">\n\t\t\t\t\t\t<div class=\"elementor-element elementor-element-ea8b5bc elementor-widget__width-initial elementor-widget elementor-widget-heading\" data-id=\"ea8b5bc\" data-element_type=\"widget\" data-widget_type=\"heading.default\">\n\t\t\t\t<div class=\"elementor-widget-container\">\n\t\t\t<h2 class=\"elementor-heading-title elementor-size-default\">Escaneo de Ondas - Colecci\u00f3n e Interpretaci\u00f3n de Ondas Guiadas <\/h2>\t\t<\/div>\n\t\t\t\t<\/div>\n\t\t\t\t<div class=\"elementor-element elementor-element-39774726 elementor-widget elementor-widget-spacer\" data-id=\"39774726\" data-element_type=\"widget\" data-widget_type=\"spacer.default\">\n\t\t\t\t<div class=\"elementor-widget-container\">\n\t\t\t\t\t<div class=\"elementor-spacer\">\n\t\t\t<div class=\"elementor-spacer-inner\"><\/div>\n\t\t<\/div>\n\t\t\t\t<\/div>\n\t\t\t\t<\/div>\n\t\t\t\t<div class=\"elementor-element elementor-element-37ef74a elementor-widget__width-initial elementor-widget elementor-widget-text-editor\" data-id=\"37ef74a\" data-element_type=\"widget\" data-widget_type=\"text-editor.default\">\n\t\t\t\t<div class=\"elementor-widget-container\">\n\t\t\t\t\t<div class=\"elementor-text-editor elementor-clearfix\"><p>PyC Tecnolog\u00eda realiza ensayos con equipo Teletest Focus MK4 de \u00faltima generaci\u00f3n, con personal certificado bajo los requerimientos de la norma internacional CSWIP-ES NDT-12-04 e ISO 9712. Nuestros servicios de ensayos ultras\u00f3nicos de Ondas Guiadas est\u00e1n orientados en diferentes aplicaciones en las \u00e1reas de Miner\u00eda, Celulosa y Refiner\u00edas, tales como, ca\u00f1er\u00edas de acero con y sin revestimiento, l\u00edneas con soldaduras radiales y helicoidales, l\u00edneas enterradas, l\u00edneas inaccesibles, cruce de caminos, pilotes de puentes, entre otras.<\/p><\/div>\n\t\t\t\t<\/div>\n\t\t\t\t<\/div>\n\t\t\t\t\t\t<\/div>\n\t\t\t\t\t<\/div>\n\t\t<\/div>\n\t\t\t\t<div class=\"elementor-column elementor-col-33 elementor-top-column elementor-element elementor-element-26030386\" data-id=\"26030386\" data-element_type=\"column\">\n\t\t\t<div class=\"elementor-column-wrap elementor-element-populated\">\n\t\t\t\t\t\t\t<div class=\"elementor-widget-wrap\">\n\t\t\t\t\t\t<div class=\"elementor-element elementor-element-110a6d2e elementor-widget elementor-widget-image\" data-id=\"110a6d2e\" data-element_type=\"widget\" data-widget_type=\"image.default\">\n\t\t\t\t<div class=\"elementor-widget-container\">\n\t\t\t\t\t<div class=\"elementor-image\">\n\t\t\t\t\t\t\t\t\t\t<img loading=\"lazy\" decoding=\"async\" width=\"812\" height=\"320\" src=\"https:\/\/pyc.cl\/wp-content\/uploads\/2021\/08\/slaider_2-scaled-e1634572614523-1024x404.jpg\" class=\"attachment-large size-large\" alt=\"\" srcset=\"https:\/\/pyc.cl\/wp-content\/uploads\/2021\/08\/slaider_2-scaled-e1634572614523-1024x404.jpg 1024w, https:\/\/pyc.cl\/wp-content\/uploads\/2021\/08\/slaider_2-scaled-e1634572614523-300x118.jpg 300w, https:\/\/pyc.cl\/wp-content\/uploads\/2021\/08\/slaider_2-scaled-e1634572614523-768x303.jpg 768w, https:\/\/pyc.cl\/wp-content\/uploads\/2021\/08\/slaider_2-scaled-e1634572614523-1536x607.jpg 1536w, https:\/\/pyc.cl\/wp-content\/uploads\/2021\/08\/slaider_2-scaled-e1634572614523-2048x809.jpg 2048w\" sizes=\"auto, (max-width: 812px) 100vw, 812px\" \/>\t\t\t\t\t\t\t\t\t\t\t<\/div>\n\t\t\t\t<\/div>\n\t\t\t\t<\/div>\n\t\t\t\t\t\t<\/div>\n\t\t\t\t\t<\/div>\n\t\t<\/div>\n\t\t\t\t\t\t\t\t<\/div>\n\t\t\t\t\t<\/div>\n\t\t<\/section>\n\t\t\t\t<section class=\"elementor-section elementor-top-section elementor-element elementor-element-6a56789d elementor-section-full_width elementor-section-content-middle elementor-section-stretched elementor-section-height-default elementor-section-height-default\" data-id=\"6a56789d\" data-element_type=\"section\" data-settings=\"{&quot;stretch_section&quot;:&quot;section-stretched&quot;}\">\n\t\t\t\t\t\t<div class=\"elementor-container elementor-column-gap-default\">\n\t\t\t\t\t\t\t<div class=\"elementor-row\">\n\t\t\t\t\t<div class=\"elementor-column elementor-col-33 elementor-top-column elementor-element elementor-element-4f70b09\" data-id=\"4f70b09\" data-element_type=\"column\">\n\t\t\t<div class=\"elementor-column-wrap\">\n\t\t\t\t\t\t\t<div class=\"elementor-widget-wrap\">\n\t\t\t\t\t\t\t\t<\/div>\n\t\t\t\t\t<\/div>\n\t\t<\/div>\n\t\t\t\t<div class=\"elementor-column elementor-col-33 elementor-top-column elementor-element elementor-element-4bd5c4e1\" data-id=\"4bd5c4e1\" data-element_type=\"column\">\n\t\t\t<div class=\"elementor-column-wrap elementor-element-populated\">\n\t\t\t\t\t\t\t<div class=\"elementor-widget-wrap\">\n\t\t\t\t\t\t<div class=\"elementor-element elementor-element-20c1f221 elementor-widget elementor-widget-image\" data-id=\"20c1f221\" data-element_type=\"widget\" data-widget_type=\"image.default\">\n\t\t\t\t<div class=\"elementor-widget-container\">\n\t\t\t\t\t<div class=\"elementor-image\">\n\t\t\t\t\t\t\t\t\t\t<img loading=\"lazy\" decoding=\"async\" width=\"700\" height=\"466\" src=\"https:\/\/pyc.cl\/wp-content\/uploads\/2021\/12\/collars_700x466-01-01.png\" class=\"attachment-large size-large\" alt=\"\" srcset=\"https:\/\/pyc.cl\/wp-content\/uploads\/2021\/12\/collars_700x466-01-01.png 700w, https:\/\/pyc.cl\/wp-content\/uploads\/2021\/12\/collars_700x466-01-01-300x200.png 300w\" sizes=\"auto, (max-width: 700px) 100vw, 700px\" \/>\t\t\t\t\t\t\t\t\t\t\t<\/div>\n\t\t\t\t<\/div>\n\t\t\t\t<\/div>\n\t\t\t\t\t\t<\/div>\n\t\t\t\t\t<\/div>\n\t\t<\/div>\n\t\t\t\t<div class=\"elementor-column elementor-col-33 elementor-top-column elementor-element elementor-element-54fab4f5\" data-id=\"54fab4f5\" data-element_type=\"column\">\n\t\t\t<div class=\"elementor-column-wrap elementor-element-populated\">\n\t\t\t\t\t\t\t<div class=\"elementor-widget-wrap\">\n\t\t\t\t\t\t<div class=\"elementor-element elementor-element-7297429e elementor-widget__width-initial elementor-widget elementor-widget-heading\" data-id=\"7297429e\" data-element_type=\"widget\" data-widget_type=\"heading.default\">\n\t\t\t\t<div class=\"elementor-widget-container\">\n\t\t\t<h2 class=\"elementor-heading-title elementor-size-default\">Anillos\n<\/h2>\t\t<\/div>\n\t\t\t\t<\/div>\n\t\t\t\t<div class=\"elementor-element elementor-element-6c2dba2d elementor-widget elementor-widget-spacer\" data-id=\"6c2dba2d\" data-element_type=\"widget\" data-widget_type=\"spacer.default\">\n\t\t\t\t<div class=\"elementor-widget-container\">\n\t\t\t\t\t<div class=\"elementor-spacer\">\n\t\t\t<div class=\"elementor-spacer-inner\"><\/div>\n\t\t<\/div>\n\t\t\t\t<\/div>\n\t\t\t\t<\/div>\n\t\t\t\t<div class=\"elementor-element elementor-element-24938524 elementor-widget__width-initial elementor-widget elementor-widget-text-editor\" data-id=\"24938524\" data-element_type=\"widget\" data-widget_type=\"text-editor.default\">\n\t\t\t\t<div class=\"elementor-widget-container\">\n\t\t\t\t\t<div class=\"elementor-text-editor elementor-clearfix\"><p id=\"tw-target-text\" class=\"tw-data-text tw-text-large XcVN5d tw-ta\" dir=\"ltr\" data-placeholder=\"Traducci\u00f3n\"><span class=\"Y2IQFc\" lang=\"es\">Los collares combinan el \u00faltimo material compuesto de carbono-Kevlar y un dise\u00f1o de pestillo para una herramienta de una pieza con una c\u00e1mara integral ligera y f\u00e1cil de usar. El uso del \u00faltimo software CAD permiti\u00f3 mejorar el acoplamiento entre los transductores de onda guiada y la superficie de la tuber\u00eda, maximizando la amplitud de la se\u00f1al. Los collares incorporan m\u00f3dulos de torsi\u00f3n Multi-Mode\u00a0 y de 5 anillos que generan modos de onda de torsi\u00f3n y longitudinales, lo que ofrece a los operadores la versatilidad para emitir juicios m\u00e1s informados. Los m\u00f3dulos y collares de mini-prueba Light M pueden inspeccionar tuber\u00edas con un di\u00e1metro de 48,3-114,3 mm (1,5-4,0 in). Los collares compuestos de fibra de carbono de alta tecnolog\u00eda pueden, por otro lado, inspeccionar tama\u00f1os de tuber\u00eda de 168,3 a 610,0 mm (6-24 pulg.) de di\u00e1metro y est\u00e1n dise\u00f1ados para conectarse en cadena para inspeccionar tama\u00f1os de tuber\u00eda de hasta 2 m (78 pulg.) de di\u00e1metro (configuraciones de dos y tres collares).<\/span><\/p><\/div>\n\t\t\t\t<\/div>\n\t\t\t\t<\/div>\n\t\t\t\t\t\t<\/div>\n\t\t\t\t\t<\/div>\n\t\t<\/div>\n\t\t\t\t\t\t\t\t<\/div>\n\t\t\t\t\t<\/div>\n\t\t<\/section>\n\t\t\t\t<section class=\"elementor-section elementor-top-section elementor-element elementor-element-4bc1c23 elementor-section-boxed elementor-section-height-default elementor-section-height-default\" data-id=\"4bc1c23\" data-element_type=\"section\">\n\t\t\t\t\t\t<div class=\"elementor-container elementor-column-gap-default\">\n\t\t\t\t\t\t\t<div class=\"elementor-row\">\n\t\t\t\t\t<div class=\"elementor-column elementor-col-100 elementor-top-column elementor-element elementor-element-3898984\" data-id=\"3898984\" data-element_type=\"column\">\n\t\t\t<div class=\"elementor-column-wrap elementor-element-populated\">\n\t\t\t\t\t\t\t<div class=\"elementor-widget-wrap\">\n\t\t\t\t\t\t<div class=\"elementor-element elementor-element-0627ade elementor-widget elementor-widget-shortcode\" data-id=\"0627ade\" data-element_type=\"widget\" data-widget_type=\"shortcode.default\">\n\t\t\t\t<div class=\"elementor-widget-container\">\n\t\t\t\t\t<div class=\"elementor-shortcode\">  <\/div>\n\t\t\t\t<\/div>\n\t\t\t\t<\/div>\n\t\t\t\t\t\t<\/div>\n\t\t\t\t\t<\/div>\n\t\t<\/div>\n\t\t\t\t\t\t\t\t<\/div>\n\t\t\t\t\t<\/div>\n\t\t<\/section>\n\t\t\t\t\t\t<\/div>\n\t\t\t\t\t\t<\/div>\n\t\t\t\t\t<\/div>\n\t\t","protected":false},"excerpt":{"rendered":"<p>Equipamiento de inspecci\u00f3n para corrosi\u00f3n en tuber\u00edas con onda guiada de largo alcance &#8211; LRUT PyC Tecnolog\u00eda dispone de equipamiento ultras\u00f3nico de onda guiada de largo alcance con aplicaci\u00f3n en todo el pa\u00eds desde hace 11 a\u00f1os, para di\u00e1metros de l\u00edneas de grandes dimensiones hasta di\u00e1metros de 48 pulgadas con personal altamente calificado con Certificaci\u00f3n [&hellip;]<\/p>\n","protected":false},"author":1,"featured_media":0,"parent":0,"menu_order":0,"comment_status":"closed","ping_status":"closed","template":"","meta":{"footnotes":""},"class_list":["post-1200","page","type-page","status-publish","hentry"],"_links":{"self":[{"href":"https:\/\/pyc.cl\/index.php?rest_route=\/wp\/v2\/pages\/1200","targetHints":{"allow":["GET"]}}],"collection":[{"href":"https:\/\/pyc.cl\/index.php?rest_route=\/wp\/v2\/pages"}],"about":[{"href":"https:\/\/pyc.cl\/index.php?rest_route=\/wp\/v2\/types\/page"}],"author":[{"embeddable":true,"href":"https:\/\/pyc.cl\/index.php?rest_route=\/wp\/v2\/users\/1"}],"replies":[{"embeddable":true,"href":"https:\/\/pyc.cl\/index.php?rest_route=%2Fwp%2Fv2%2Fcomments&post=1200"}],"version-history":[{"count":14,"href":"https:\/\/pyc.cl\/index.php?rest_route=\/wp\/v2\/pages\/1200\/revisions"}],"predecessor-version":[{"id":1988,"href":"https:\/\/pyc.cl\/index.php?rest_route=\/wp\/v2\/pages\/1200\/revisions\/1988"}],"wp:attachment":[{"href":"https:\/\/pyc.cl\/index.php?rest_route=%2Fwp%2Fv2%2Fmedia&parent=1200"}],"curies":[{"name":"wp","href":"https:\/\/api.w.org\/{rel}","templated":true}]}}